{"id":4905,"date":"2022-10-31T14:35:25","date_gmt":"2022-10-31T13:35:25","guid":{"rendered":"https:\/\/kiplweb.fjfi.cvut.cz\/web\/?page_id=4905"},"modified":"2022-11-22T11:22:22","modified_gmt":"2022-11-22T10:22:22","slug":"xrd-sluzby","status":"publish","type":"page","link":"https:\/\/kiplweb.fjfi.cvut.cz\/web\/xrd-sluzby\/","title":{"rendered":"Strukturn\u00ed rentgenografie &#8211; Nab\u00eddka anal\u00fdz a slu\u017eeb"},"content":{"rendered":"\t\t<div data-elementor-type=\"wp-page\" data-elementor-id=\"4905\" class=\"elementor elementor-4905\">\n\t\t\t\t\t\t<section class=\"elementor-section elementor-top-section elementor-element elementor-element-90eb9d5 elementor-section-boxed elementor-section-height-default elementor-section-height-default\" data-id=\"90eb9d5\" data-element_type=\"section\">\n\t\t\t\t\t\t<div class=\"elementor-container elementor-column-gap-default\">\n\t\t\t\t\t<div class=\"elementor-column elementor-col-100 elementor-top-column elementor-element elementor-element-14a5c13\" data-id=\"14a5c13\" data-element_type=\"column\">\n\t\t\t<div class=\"elementor-widget-wrap elementor-element-populated\">\n\t\t\t\t\t\t<div class=\"elementor-element elementor-element-e61af6c elementor-widget elementor-widget-heading\" data-id=\"e61af6c\" data-element_type=\"widget\" data-widget_type=\"heading.default\">\n\t\t\t\t<div class=\"elementor-widget-container\">\n\t\t\t<h2 class=\"elementor-heading-title elementor-size-default\"><a href=\"https:\/\/kiplweb.fjfi.cvut.cz\/web\/xrd\/\">Laborato\u0159 strukturn\u00ed rentgenografie<\/a><\/h2>\t\t<\/div>\n\t\t\t\t<\/div>\n\t\t\t\t\t<\/div>\n\t\t<\/div>\n\t\t\t\t\t<\/div>\n\t\t<\/section>\n\t\t\t\t<section class=\"elementor-section elementor-top-section elementor-element elementor-element-7915389 elementor-section-boxed elementor-section-height-default elementor-section-height-default\" data-id=\"7915389\" data-element_type=\"section\">\n\t\t\t\t\t\t<div class=\"elementor-container elementor-column-gap-default\">\n\t\t\t\t\t<div class=\"elementor-column elementor-col-100 elementor-top-column elementor-element elementor-element-1d82892\" data-id=\"1d82892\" data-element_type=\"column\">\n\t\t\t<div class=\"elementor-widget-wrap elementor-element-populated\">\n\t\t\t\t\t\t<div class=\"elementor-element elementor-element-286e51b elementor-widget elementor-widget-heading\" data-id=\"286e51b\" data-element_type=\"widget\" data-widget_type=\"heading.default\">\n\t\t\t\t<div class=\"elementor-widget-container\">\n\t\t\t<h2 class=\"elementor-heading-title elementor-size-default\">Nab\u00eddka anal\u00fdz a slu\u017eeb<\/h2>\t\t<\/div>\n\t\t\t\t<\/div>\n\t\t\t\t\t<\/div>\n\t\t<\/div>\n\t\t\t\t\t<\/div>\n\t\t<\/section>\n\t\t\t\t<section class=\"elementor-section elementor-top-section elementor-element elementor-element-58ac3c0 elementor-section-boxed elementor-section-height-default elementor-section-height-default\" data-id=\"58ac3c0\" data-element_type=\"section\">\n\t\t\t\t\t\t<div class=\"elementor-container elementor-column-gap-default\">\n\t\t\t\t\t<div class=\"elementor-column elementor-col-100 elementor-top-column elementor-element elementor-element-b11cd45\" data-id=\"b11cd45\" data-element_type=\"column\">\n\t\t\t<div class=\"elementor-widget-wrap elementor-element-populated\">\n\t\t\t\t\t\t\t<\/div>\n\t\t<\/div>\n\t\t\t\t\t<\/div>\n\t\t<\/section>\n\t\t\t\t<section class=\"elementor-section elementor-top-section elementor-element elementor-element-70ce1e3 elementor-section-boxed elementor-section-height-default elementor-section-height-default\" data-id=\"70ce1e3\" data-element_type=\"section\">\n\t\t\t\t\t\t<div class=\"elementor-container elementor-column-gap-default\">\n\t\t\t\t\t<div class=\"elementor-column elementor-col-100 elementor-top-column elementor-element elementor-element-9779e98\" data-id=\"9779e98\" data-element_type=\"column\">\n\t\t\t<div class=\"elementor-widget-wrap elementor-element-populated\">\n\t\t\t\t\t\t<div class=\"elementor-element elementor-element-04df89c elementor-widget elementor-widget-text-editor\" data-id=\"04df89c\" data-element_type=\"widget\" data-widget_type=\"text-editor.default\">\n\t\t\t\t<div class=\"elementor-widget-container\">\n\t\t\t\t\t\t\t<p>Laborato\u0159 nab\u00edz\u00ed anal\u00fdzy a slu\u017eby jak pro pr\u016fmyslov\u00e9 partnery, tak pro \u0161koly a akademick\u00e9 instituce.<\/p><h3><strong>Laboratorn\u00ed anal\u00fdzy:<\/strong><\/h3><ul><li>Kvalitativn\u00ed f\u00e1zov\u00e1 anal\u00fdza (z jak\u00fdch f\u00e1z\u00ed je vzorek slo\u017een).<\/li><li>Kvantitativn\u00ed f\u00e1zov\u00e1 anal\u00fdza (pom\u011brn\u00e9 zastoupen\u00ed jednotliv\u00fdch f\u00e1z\u00ed a jejich. mikrostruktur\u00e1ln\u00ed parametry, nap\u0159. hustota dislokac\u00ed).<\/li><li>Anal\u00fdza makroskopick\u00fdch zbytkov\u00fdch nap\u011bt\u00ed.<\/li><li>Anal\u00fdza p\u0159ednostn\u00ed orientace (textury).<\/li><li>Anal\u00fdza tlou\u0161\u0165ky tenk\u00fdch vrstev.<\/li><li>In-situ rtg difrak\u010dn\u00ed studie do 2300 \u00b0C.<\/li><\/ul><p>Jsme vybaveni p\u0159\u00edstroji pro definovan\u00e9 postupn\u00e9 elektrolytick\u00e9 odn\u00edm\u00e1n\u00ed povrchov\u00fdch vrstev, co\u017e n\u00e1m umo\u017e\u0148uje studium hloubkov\u00fdch pr\u016fb\u011bh\u016f strukturn\u011b citliv\u00fdch charakteristik.<\/p><h4>Analyzujeme:<\/h4><ul><li>laboratorn\u00ed vzorky,<\/li><li>re\u00e1ln\u00e9 vzorky a\u017e do hmotnosti des\u00edtek kilogram\u016f,<\/li><li>tenk\u00e9 vrstvy,<\/li><li>pr\u00e1\u0161ky,<\/li><li>kapaln\u00e9 vzorky.<\/li><\/ul><p>\u00a0<\/p><h3><strong>Anal\u00fdzy v\u00a0ter\u00e9nu:<\/strong><\/h3><ul><li>Anal\u00fdza makroskopick\u00fdch zbytkov\u00fdch nap\u011bt\u00ed.<\/li><li>Pod\u00edl zbytkov\u00e9ho austenitu.<\/li><\/ul><p>Jsme schopni prov\u00e1d\u011bt anal\u00fdzy tak\u00e9 v\u00a0ter\u00e9nu pomoc\u00ed mobiln\u00edho difraktometru.<\/p><p><strong>\u00a0<\/strong><\/p><h3><strong>Slu\u017eby:<\/strong><\/h3><p>Konzultace a \u0161kolen\u00ed v\u00a0oblasti rentgenov\u00e9 difrakce a materi\u00e1lov\u00e9ho v\u00fdzkumu.<\/p><p><strong>Cena anal\u00fdz a slu\u017eeb se odv\u00edj\u00ed od n\u00e1ro\u010dnosti jednotliv\u00fdch anal\u00fdz a slu\u017eeb, pro cenovou nab\u00eddku a v\u00edce detail\u016f n\u00e1s pros\u00edm kontaktujte na adrese:<\/strong><\/p><p><a href=\"mailto:karel.trojan@fjfi.cvut.cz\">karel.trojan@fjfi.cvut.cz<\/a><\/p>\t\t\t\t\t\t<\/div>\n\t\t\t\t<\/div>\n\t\t\t\t\t<\/div>\n\t\t<\/div>\n\t\t\t\t\t<\/div>\n\t\t<\/section>\n\t\t\t\t<\/div>\n\t\t","protected":false},"excerpt":{"rendered":"<p>Laborato\u0159 strukturn\u00ed rentgenografie Nab\u00eddka anal\u00fdz a slu\u017eeb Laborato\u0159 nab\u00edz\u00ed anal\u00fdzy a slu\u017eby jak pro pr\u016fmyslov\u00e9 partnery, tak pro \u0161koly a akademick\u00e9 instituce. Laboratorn\u00ed anal\u00fdzy: Kvalitativn\u00ed f\u00e1zov\u00e1 anal\u00fdza (z jak\u00fdch f\u00e1z\u00ed je vzorek slo\u017een). Kvantitativn\u00ed f\u00e1zov\u00e1 anal\u00fdza (pom\u011brn\u00e9 zastoupen\u00ed jednotliv\u00fdch f\u00e1z\u00ed [&hellip;]<\/p>\n","protected":false},"author":10,"featured_media":0,"parent":0,"menu_order":0,"comment_status":"closed","ping_status":"closed","template":"elementor_header_footer","meta":{"footnotes":""},"folder":[10],"class_list":["post-4905","page","type-page","status-publish","hentry"],"_links":{"self":[{"href":"https:\/\/kiplweb.fjfi.cvut.cz\/web\/wp-json\/wp\/v2\/pages\/4905","targetHints":{"allow":["GET"]}}],"collection":[{"href":"https:\/\/kiplweb.fjfi.cvut.cz\/web\/wp-json\/wp\/v2\/pages"}],"about":[{"href":"https:\/\/kiplweb.fjfi.cvut.cz\/web\/wp-json\/wp\/v2\/types\/page"}],"author":[{"embeddable":true,"href":"https:\/\/kiplweb.fjfi.cvut.cz\/web\/wp-json\/wp\/v2\/users\/10"}],"replies":[{"embeddable":true,"href":"https:\/\/kiplweb.fjfi.cvut.cz\/web\/wp-json\/wp\/v2\/comments?post=4905"}],"version-history":[{"count":25,"href":"https:\/\/kiplweb.fjfi.cvut.cz\/web\/wp-json\/wp\/v2\/pages\/4905\/revisions"}],"predecessor-version":[{"id":5106,"href":"https:\/\/kiplweb.fjfi.cvut.cz\/web\/wp-json\/wp\/v2\/pages\/4905\/revisions\/5106"}],"wp:attachment":[{"href":"https:\/\/kiplweb.fjfi.cvut.cz\/web\/wp-json\/wp\/v2\/media?parent=4905"}],"wp:term":[{"taxonomy":"folder","embeddable":true,"href":"https:\/\/kiplweb.fjfi.cvut.cz\/web\/wp-json\/wp\/v2\/folder?post=4905"}],"curies":[{"name":"wp","href":"https:\/\/api.w.org\/{rel}","templated":true}]}}