{"id":351,"date":"2021-01-21T12:07:13","date_gmt":"2021-01-21T11:07:13","guid":{"rendered":"https:\/\/kiplweb.fjfi.cvut.cz\/wordpress\/?page_id=351"},"modified":"2026-04-22T23:23:09","modified_gmt":"2026-04-22T21:23:09","slug":"fotonika","status":"publish","type":"page","link":"https:\/\/kiplweb.fjfi.cvut.cz\/web\/fotonika\/","title":{"rendered":"Pracovi\u0161t\u011b fotoniky"},"content":{"rendered":"\t\t<div data-elementor-type=\"wp-page\" data-elementor-id=\"351\" class=\"elementor elementor-351\">\n\t\t\t\t\t\t<section class=\"elementor-section elementor-top-section elementor-element elementor-element-d442a7c elementor-section-boxed elementor-section-height-default elementor-section-height-default\" data-id=\"d442a7c\" data-element_type=\"section\">\n\t\t\t\t\t\t<div class=\"elementor-container elementor-column-gap-default\">\n\t\t\t\t\t<div class=\"elementor-column elementor-col-50 elementor-top-column elementor-element elementor-element-df67519\" data-id=\"df67519\" data-element_type=\"column\">\n\t\t\t<div class=\"elementor-widget-wrap elementor-element-populated\">\n\t\t\t\t\t\t<div class=\"elementor-element elementor-element-a4f90b5 elementor-widget elementor-widget-heading\" data-id=\"a4f90b5\" data-element_type=\"widget\" data-widget_type=\"heading.default\">\n\t\t\t\t<div class=\"elementor-widget-container\">\n\t\t\t<h4 class=\"elementor-heading-title elementor-size-default\"><big style=\"color: rgb(0, 0, 0); font-family: Verdana, Arial, Helvetica, sans-serif; font-weight: 400; text-align: center; white-space: normal;\"><big><strong>Aplikovan\u00e1 fotonika a kvantov\u00e9 technologie <\/strong><\/big><\/big><\/h4>\t\t<\/div>\n\t\t\t\t<\/div>\n\t\t\t\t<div class=\"elementor-element elementor-element-91d02ae elementor-widget elementor-widget-text-editor\" data-id=\"91d02ae\" data-element_type=\"widget\" data-widget_type=\"text-editor.default\">\n\t\t\t\t<div class=\"elementor-widget-container\">\n\t\t\t\t\t\t\t<p><strong>Vedouc\u00ed laborato\u0159e: <a href=\"https:\/\/kiplweb.fjfi.cvut.cz\/wordpress\/kalvoda\/\">Ladislav Kalvoda<\/a><br \/>Pracovn\u00edci:<\/strong> <a href=\"https:\/\/kiplweb.fjfi.cvut.cz\/wordpress\/skocdopole\/\">Jakub Sko\u010ddopole<\/a>, <a href=\"https:\/\/kiplweb.fjfi.cvut.cz\/wordpress\/aubrecht\/\">Jan Aubrecht<\/a>, Petr Levinsk\u00fd, Jaroslav Hamrle <br \/><strong>Doktorandi:<\/strong> Alena Kobrlov\u00e1, Jaroslava Jakoubkov\u00e1, Michal J\u016fza, Martin Kol\u00e1\u0159, Petr Slav\u00ed\u010dek, J\u00e1chym Lis<\/p><p><strong>Studenti:<\/strong> Jan Kou\u0159il<\/p><ul><li><span style=\"color: #000000;\"><strong>Oblasti v\u00fdzkumu<br \/><\/strong><\/span><\/li><li><span style=\"color: #000000;\"><strong>Experiment\u00e1ln\u00ed vybaven\u00ed<br \/><\/strong><\/span><\/li><li><span style=\"color: #000000;\"><strong>Projekty<\/strong><\/span><\/li><\/ul>\t\t\t\t\t\t<\/div>\n\t\t\t\t<\/div>\n\t\t\t\t\t<\/div>\n\t\t<\/div>\n\t\t\t\t<div class=\"elementor-column elementor-col-50 elementor-top-column elementor-element elementor-element-c7ce757\" data-id=\"c7ce757\" data-element_type=\"column\">\n\t\t\t<div class=\"elementor-widget-wrap elementor-element-populated\">\n\t\t\t\t\t\t<div class=\"elementor-element elementor-element-23e1888 elementor-widget elementor-widget-heading\" data-id=\"23e1888\" data-element_type=\"widget\" data-widget_type=\"heading.default\">\n\t\t\t\t<div class=\"elementor-widget-container\">\n\t\t\t<h6 class=\"elementor-heading-title elementor-size-default\"><a href=\"https:\/\/kiplweb.fjfi.cvut.cz\/wordpress\/pracoviste\/\"><br>Pracovi\u0161t\u011b a laborato\u0159e<\/a><\/h6>\t\t<\/div>\n\t\t\t\t<\/div>\n\t\t\t\t<div class=\"elementor-element elementor-element-f1a7522 elementor-widget-divider--view-line elementor-widget elementor-widget-divider\" data-id=\"f1a7522\" data-element_type=\"widget\" data-widget_type=\"divider.default\">\n\t\t\t\t<div class=\"elementor-widget-container\">\n\t\t\t\t\t<div class=\"elementor-divider\">\n\t\t\t<span class=\"elementor-divider-separator\">\n\t\t\t\t\t\t<\/span>\n\t\t<\/div>\n\t\t\t\t<\/div>\n\t\t\t\t<\/div>\n\t\t\t\t<div class=\"elementor-element elementor-element-fb572e5 elementor-widget elementor-widget-text-editor\" data-id=\"fb572e5\" data-element_type=\"widget\" data-widget_type=\"text-editor.default\">\n\t\t\t\t<div class=\"elementor-widget-container\">\n\t\t\t\t\t\t\t<ol>\n \t<li><span style=\"color: #000000;\"><strong>&#8211;&gt; Aplikovan\u00e1 fotonika a kvantov\u00e9 technologie<\/strong><\/span><\/li>\n \t<li><span style=\"color: #336699;\"><a style=\"color: #336699;\" href=\"https:\/\/kiplweb.fjfi.cvut.cz\/wordpress\/modelovani\/\"><strong>Materi\u00e1lov\u00e9 modelov\u00e1n\u00ed<\/strong><\/a><\/span><\/li>\n \t<li><span style=\"color: #336699;\"><a style=\"font-weight: bold; color: #336699;\" title=\"\" href=\"https:\/\/kiplweb.fjfi.cvut.cz\/wordpress\/neutron\/\">Neutronov\u00e1 difrakce<\/a><\/span><\/li>\n \t<li><a href=\"https:\/\/kiplweb.fjfi.cvut.cz\/wordpress\/spektroskopie\/\"><span style=\"color: #336699;\"><strong>Optick\u00e1 spektroskopie<\/strong><\/span><\/a><\/li>\n \t<li><span style=\"color: #336699;\"><strong><a style=\"color: #336699;\" href=\"https:\/\/kiplweb.fjfi.cvut.cz\/wordpress\/rizeni-experiment\/\">\u0158\u00edzen\u00ed experimentu<\/a><\/strong><\/span><\/li>\n \t<li><span style=\"color: #336699;\"><strong><a style=\"color: #336699;\" href=\"https:\/\/kiplweb.fjfi.cvut.cz\/wordpress\/struktura-biologie\/\">Strukturn\u00ed biologie<\/a><\/strong><\/span><\/li>\n \t<li><span style=\"color: #336699;\"><strong><a style=\"color: #336699;\" href=\"https:\/\/kiplweb.fjfi.cvut.cz\/web\/xrd\/\">Strukturn\u00ed rentgenografie<\/a><\/strong><\/span><\/li>\n<\/ol>\t\t\t\t\t\t<\/div>\n\t\t\t\t<\/div>\n\t\t\t\t<div class=\"elementor-element elementor-element-9e03532 elementor-widget-divider--view-line elementor-widget elementor-widget-divider\" data-id=\"9e03532\" data-element_type=\"widget\" data-widget_type=\"divider.default\">\n\t\t\t\t<div class=\"elementor-widget-container\">\n\t\t\t\t\t<div class=\"elementor-divider\">\n\t\t\t<span class=\"elementor-divider-separator\">\n\t\t\t\t\t\t<\/span>\n\t\t<\/div>\n\t\t\t\t<\/div>\n\t\t\t\t<\/div>\n\t\t\t\t\t<\/div>\n\t\t<\/div>\n\t\t\t\t\t<\/div>\n\t\t<\/section>\n\t\t\t\t<section class=\"elementor-section elementor-top-section elementor-element elementor-element-8bc324c elementor-section-boxed elementor-section-height-default elementor-section-height-default\" data-id=\"8bc324c\" data-element_type=\"section\">\n\t\t\t\t\t\t<div class=\"elementor-container elementor-column-gap-default\">\n\t\t\t\t\t<div class=\"elementor-column elementor-col-100 elementor-top-column elementor-element elementor-element-2f5ed09\" data-id=\"2f5ed09\" data-element_type=\"column\">\n\t\t\t<div class=\"elementor-widget-wrap elementor-element-populated\">\n\t\t\t\t\t\t<div class=\"elementor-element elementor-element-ab644c4 elementor-widget elementor-widget-shortcode\" data-id=\"ab644c4\" data-element_type=\"widget\" data-widget_type=\"shortcode.default\">\n\t\t\t\t<div class=\"elementor-widget-container\">\n\t\t\t\t\t<div class=\"elementor-shortcode\">\n<\/div>\n\t\t\t\t<\/div>\n\t\t\t\t<\/div>\n\t\t\t\t<div class=\"elementor-element elementor-element-1c661c9 elementor-widget-divider--view-line elementor-widget elementor-widget-divider\" data-id=\"1c661c9\" data-element_type=\"widget\" data-widget_type=\"divider.default\">\n\t\t\t\t<div class=\"elementor-widget-container\">\n\t\t\t\t\t<div class=\"elementor-divider\">\n\t\t\t<span class=\"elementor-divider-separator\">\n\t\t\t\t\t\t<\/span>\n\t\t<\/div>\n\t\t\t\t<\/div>\n\t\t\t\t<\/div>\n\t\t\t\t<section class=\"elementor-section elementor-inner-section elementor-element elementor-element-5b8817f elementor-hidden-tablet elementor-section-boxed elementor-section-height-default elementor-section-height-default\" data-id=\"5b8817f\" data-element_type=\"section\">\n\t\t\t\t\t\t<div class=\"elementor-container elementor-column-gap-default\">\n\t\t\t\t\t<div class=\"elementor-column elementor-col-100 elementor-inner-column elementor-element elementor-element-d33b9b4\" data-id=\"d33b9b4\" data-element_type=\"column\">\n\t\t\t<div class=\"elementor-widget-wrap elementor-element-populated\">\n\t\t\t\t\t\t<div class=\"elementor-element elementor-element-2f03bd8 elementor-widget elementor-widget-heading\" data-id=\"2f03bd8\" data-element_type=\"widget\" data-widget_type=\"heading.default\">\n\t\t\t\t<div class=\"elementor-widget-container\">\n\t\t\t<h3 class=\"elementor-heading-title elementor-size-default\"><a href=\"#Anchor\">Oblasti v\u00fdzkumu<\/a><\/h3>\t\t<\/div>\n\t\t\t\t<\/div>\n\t\t\t\t<div class=\"elementor-element elementor-element-e63d284 elementor-widget__width-auto elementor-widget elementor-widget-text-editor\" data-id=\"e63d284\" data-element_type=\"widget\" data-widget_type=\"text-editor.default\">\n\t\t\t\t<div class=\"elementor-widget-container\">\n\t\t\t\t\t\t\t<p>Laborato\u0159 aplikovan\u00e9 fotoniky a kvantov\u00fdch technologi\u00ed (LAPQT) byla zalo\u017eena v roce 2008 jako n\u00e1stupce Laborato\u0159e polymern\u00edch materi\u00e1l\u016f KIPL. Tradi\u010dn\u00ed oblast\u00ed \u010dinnosti LAPQT je v\u00fdvoj a charakterizace materi\u00e1l\u016f, struktur a nanosyst\u00e9m\u016f vyu\u017eiteln\u00fdch p\u0159i konstrukci chemick\u00fdch a fyzik\u00e1ln\u00edch senzor\u016f a aktivn\u00edch vlnovodn\u00fdch prvk\u016f. V sou\u010dasn\u00e9 dob\u011b jsme roz\u0161\u00ed\u0159ili na\u0161e aktivity o p\u0159\u00edpravu ultratenk\u00fdch vrstev a v\u00edcevrstv\u00fdch struktur vyu\u017eiteln\u00fdch v oblasti senzoriky, kvantov\u00fdch technologi\u00ed a ochrann\u00fdch aplikac\u00ed.<\/p><p>LAPQT vyu\u017e\u00edv\u00e1 \u0161irokou \u0161k\u00e1lu postup\u016f pro p\u0159\u00edpravu funk\u010dn\u00edch struktur z organick\u00fdch a anorganick\u00fdch l\u00e1tek a jejich kombinac\u00ed, v\u010detn\u011b nan\u00e1\u0161en\u00ed tenk\u00fdch (zejm\u00e9na organick\u00fdch a polymern\u00edch) vrstev z roztoku rota\u010dn\u00ed depozic\u00ed a\/nebo ta\u017een\u00edm, p\u0159\u00edpravy v\u00edcevrstv\u00fdch struktur z monomolekul\u00e1rn\u00edch vrstev metodou Langmuira, Blodgettov\u00e9 a Kuhna (LBK), funkcionalizace polymern\u00edch vrstev difuz\u00ed z roztoku, fyzik\u00e1ln\u00ed depozice z par (PVD), tryskov\u00e9 ioniza\u010dn\u00ed depozice (IJD) a term\u00e1ln\u00ed a\/nebo plazmou zes\u00edlenou metodou depozice atomov\u00fdch vrstev (ALD \/ PEALD).<\/p>\t\t\t\t\t\t<\/div>\n\t\t\t\t<\/div>\n\t\t\t\t\t<\/div>\n\t\t<\/div>\n\t\t\t\t\t<\/div>\n\t\t<\/section>\n\t\t\t\t<section class=\"elementor-section elementor-inner-section elementor-element elementor-element-fc686be elementor-hidden-desktop elementor-hidden-mobile elementor-section-boxed elementor-section-height-default elementor-section-height-default\" data-id=\"fc686be\" data-element_type=\"section\">\n\t\t\t\t\t\t<div class=\"elementor-container elementor-column-gap-default\">\n\t\t\t\t\t<div class=\"elementor-column elementor-col-100 elementor-inner-column elementor-element elementor-element-6d859a1\" data-id=\"6d859a1\" data-element_type=\"column\">\n\t\t\t<div class=\"elementor-widget-wrap elementor-element-populated\">\n\t\t\t\t\t\t<div class=\"elementor-element elementor-element-03789c6 elementor-widget elementor-widget-shortcode\" data-id=\"03789c6\" data-element_type=\"widget\" data-widget_type=\"shortcode.default\">\n\t\t\t\t<div class=\"elementor-widget-container\">\n\t\t\t\t\t<div class=\"elementor-shortcode\">\n<\/div>\n\t\t\t\t<\/div>\n\t\t\t\t<\/div>\n\t\t\t\t\t<\/div>\n\t\t<\/div>\n\t\t\t\t\t<\/div>\n\t\t<\/section>\n\t\t\t\t<div class=\"elementor-element elementor-element-f604004 elementor-widget-divider--view-line elementor-widget elementor-widget-divider\" data-id=\"f604004\" data-element_type=\"widget\" data-widget_type=\"divider.default\">\n\t\t\t\t<div class=\"elementor-widget-container\">\n\t\t\t\t\t<div class=\"elementor-divider\">\n\t\t\t<span class=\"elementor-divider-separator\">\n\t\t\t\t\t\t<\/span>\n\t\t<\/div>\n\t\t\t\t<\/div>\n\t\t\t\t<\/div>\n\t\t\t\t<div class=\"elementor-element elementor-element-7914cff elementor-widget elementor-widget-heading\" data-id=\"7914cff\" data-element_type=\"widget\" data-widget_type=\"heading.default\">\n\t\t\t\t<div class=\"elementor-widget-container\">\n\t\t\t<h3 class=\"elementor-heading-title elementor-size-default\"><a href=\"#Anchor2\">Hlavn\u00ed experiment\u00e1ln\u00ed vybaven\u00ed<\/a><\/h3>\t\t<\/div>\n\t\t\t\t<\/div>\n\t\t\t\t<div class=\"elementor-element elementor-element-b4f8a68 elementor-widget elementor-widget-text-editor\" data-id=\"b4f8a68\" data-element_type=\"widget\" data-widget_type=\"text-editor.default\">\n\t\t\t\t<div class=\"elementor-widget-container\">\n\t\t\t\t\t\t\t<ul><li>Depozi\u010dn\u00ed klastr pro vysoce p\u0159esnou p\u0159\u00edpravu multivrstevn\u00fdch syst\u00e9m\u016f zahrnuj\u00edc\u00ed Ionized Jet Deposition (IJD) system\u00a0<a href=\"https:\/\/kiplwww.fjfi.cvut.cz\/drupal7\/sites\/default\/files\/Komora.jpg\">JetDep100<\/a>\u00a0&#8211; prototyp vyvinut\u00fd firmami Noivion (It\u00e1lie) a Czech Vacuum, a d\u00e1le PEALD system R-200 (PicoSun Oy, Finsko) vybaven\u00fd elipsometrem se spektr\u00e1ln\u00edm rozli\u0161en\u00edm\u00a0 FS-1 pro in-situ monitorov\u00e1n\u00ed r\u016fstu vrstev. Ob\u011b depozi\u010dn\u00ed za\u0159\u00edzen\u00ed jsou integrovan\u00fdmi load-locky propojena s gloveboxem (MBraun) s vysoce \u010distou inertn\u00ed atmosf\u00e9rou (N2, pod\u00edl p\u0159\u00edm\u011bs\u00ed &lt; 0,5 ppm)<\/li><li>Obloukov\u00e1 pec Edmund Buehler AM200 pro laboratorn\u00ed v\u00fdvoj a p\u0159\u00edpravu vlastn\u00edch kovov\u00fdch slitn (max. hmotnost vzork\u016f ca 200 g)<\/li><li>\u00a0Napa\u0159ovac\u00ed PVD za\u0159\u00edzen\u00ed Carl Zeiss Jena HBA1 a HVD RHVm42.<\/li><li>Spincoater Laurell 650 MZ.<\/li><li>Pln\u011b po\u010d\u00edta\u010dem \u0159\u00edzen\u00e9 LBK depozi\u010dn\u00ed syst\u00e9my Lauda FW-2 a KSV Nima Large s aktivn\u00edm antivibra\u010dn\u00edm syst\u00e9mem Halcyonics Variobasic 40, analytickou v\u00fdbavou (m\u011b\u0159en\u00ed povrchov\u00e9ho potenci\u00e1lu, m\u011b\u0159en\u00ed pH subf\u00e1ze), Brewsterov\u00fdm mikroskopem pro in-situ anal\u00fdzu morfologie vrstev a liftem pro transfer vrstev na pevn\u00fd substr\u00e1t.<\/li><li>Laboratorn\u00ed pracovi\u0161t\u011b pro fyzik\u00e1ln\u011b-chemickou p\u0159\u00edpravu vzork\u016f.<\/li><li>Home-made ATR-RS spektrometr umo\u017e\u0148uj\u00edc\u00ed p\u0159esn\u00e9 stanoven\u00ed optick\u00fdch, foto-optick\u00fdch, elektro-optick\u00fdch, chir\u00e1ln\u00edch a geometrick\u00fdch parametr\u016f tenk\u00fdch vlnovodn\u00fdch vrstev.<\/li><li>Jednotky pro Optical Time Domain Reflectometry (OTDR) optick\u00fdch vl\u00e1ken Agilent a Photodyne.<\/li><li>T\u0159\u00edkomorov\u00e9 za\u0159\u00edzen\u00ed pro automatizovan\u00e9 testov\u00e1n\u00ed kinetiky distribuovan\u00fdch plynov\u00fdch senzor\u016f metodou OTDR v atmosf\u00e9\u0159e s p\u0159esn\u011b nastavitelnou koncentrac\u00ed c\u00edlov\u00e9ho plynu.<\/li><li>Analyz\u00e1tory HP 70951B a Ocean Optics S1000 s b\u00edl\u00fdm zdrojem Heraues FiberLight pro UV-VIS-NIR spektr\u00e1ln\u00ed anal\u00fdzu kr\u00e1tk\u00fdch vzork\u016f optick\u00fdch vl\u00e1ken a roztok\u016f v rozsahu vlnov\u00fdch d\u00e9lek 200 &#8211; 1700 nm.<\/li><li>Jednotka pro sv\u00e1\u0159en\u00ed optick\u00fdch vl\u00e1ken elektrick\u00fdm obloukem Furukawa Fitel S174.<\/li><li>Vybaven\u00ed pro optickou polariza\u010dn\u00ed transmisn\u00ed a reflexn\u00ed mikroskopii (Reichert Zetopan s CCD kamerou, UV zdroj, m\u011b\u0159en\u00ed fluorescence, m\u011b\u0159en\u00ed ve sv\u011btl\u00e9m a tmav\u00e9m poli).<\/li><li>Za\u0159\u00edzen\u00ed pro fyzik\u00e1ln\u011b-chemickou anal\u00fdzu roztok\u016f XBC Magic interface s vodivostn\u00ed sondou VEL 356 X a pH sondou.<\/li><li>SW Comsol Multiphysics 4.8 (Humusoft Software Inc.) pro realizaci simulac\u00ed vlnovodn\u00fdch struktur a optick\u00fdch prvk\u016f instalovan\u00fd na po\u010d\u00edta\u010di MSI4 um\u00edst\u011bn\u00e9m v po\u010d\u00edta\u010dov\u00e9 u\u010debn\u011b KIPLu, m\u00edstnost T316<\/li><li>Za\u0159\u00edzen\u00ed pro p\u0159\u00edpravu velmi \u010dist\u00e9 vody AquaOsmotic Typ 02 a 06 (el. vodivost &lt; 2 uS\/cm ) a ultra-\u010dist\u00e9 vody Merck Milli-Pore (el. vodivost vody &lt; 0,05 uS\/cm).<\/li><li>Mikroskop atom\u00e1rn\u00edch sil (AFM) NenoVision LiteScope vybaven\u00fd Akyiama sondami.<\/li><li>Gener\u00e1tor vysoce \u010dist\u00e9ho N2 (99.999%) NitroGen250 od firmy VSK Profi, s.r.o., s hodinovou kapacitou 8 m3.<\/li><li>K dispozici pro charakterizaci struktur je t\u00e9\u017e Ramanovsk\u00fd u-spektrometr Horiba s konfok\u00e1ln\u00edm mikroskopem po\u0159\u00edzen\u00fd spolu s IJD\/ALD klastrem s p\u0159isp\u011bn\u00edm projektu OPVVV CZ.02.1.01\/0.0\/0.0\/16_017\/0002278 &#8222;Nov\u00fd doktorsk\u00fd studijn\u00ed program Kvantov\u00e9 technologie&#8220;, na jeho\u017e realizaci se pod\u00edl\u00ed KIPL,KFE, KMat, KM a KF FJFI.<\/li><\/ul>\t\t\t\t\t\t<\/div>\n\t\t\t\t<\/div>\n\t\t\t\t<div class=\"elementor-element elementor-element-dd580c3 elementor-widget-divider--view-line elementor-widget elementor-widget-divider\" data-id=\"dd580c3\" data-element_type=\"widget\" data-widget_type=\"divider.default\">\n\t\t\t\t<div class=\"elementor-widget-container\">\n\t\t\t\t\t<div class=\"elementor-divider\">\n\t\t\t<span class=\"elementor-divider-separator\">\n\t\t\t\t\t\t<\/span>\n\t\t<\/div>\n\t\t\t\t<\/div>\n\t\t\t\t<\/div>\n\t\t\t\t<div class=\"elementor-element elementor-element-eb7921d elementor-widget elementor-widget-heading\" data-id=\"eb7921d\" data-element_type=\"widget\" data-widget_type=\"heading.default\">\n\t\t\t\t<div class=\"elementor-widget-container\">\n\t\t\t<h3 class=\"elementor-heading-title elementor-size-default\">St\u00e1vaj\u00edc\u00ed a p\u0159ipravovan\u00e9 projekty<\/h3>\t\t<\/div>\n\t\t\t\t<\/div>\n\t\t\t\t<div class=\"elementor-element elementor-element-995443e elementor-widget elementor-widget-text-editor\" data-id=\"995443e\" data-element_type=\"widget\" data-widget_type=\"text-editor.default\">\n\t\t\t\t<div class=\"elementor-widget-container\">\n\t\t\t\t\t\t\t<ul><li><span style=\"text-decoration: underline;\"><b>St\u00e1vaj\u00edc\u00ed grantov\u011b podpo\u0159en\u00e9 projekty<\/b><br \/><\/span><\/li><li>V\u00fdvoj\u00a0 nov\u00fdch plasmonick\u00fdch nanostruktur s lok\u00e1n\u00edm zes\u00edlen\u00edm elektrick\u00e9ho pole, s vyu\u017eit\u00edm v oblasti chemick\u00fdch senzor\u016f a kvantov\u00fdch resonan\u010dn\u00edch struktur.<\/li><li>Vyu\u017eit\u00ed metody LBK k p\u0159\u00edprav\u011b nanostrukturovan\u00fdch multivrstev s vyu\u017eit\u00edm metody koloidn\u00ed litografie (colloid lithography).<\/li><li>V\u00fdvoj nov\u00fdch High Entropy Alloys (HEAs) a tenk\u00fdch film\u016f z nich slo\u017een\u00fdch ur\u010den\u00fdch p\u0159edev\u0161\u00edm pro aplikace v oblasti senzoriky a protektivn\u00edch vrstev.<\/li><li>Optimalizace geometrick\u00e9 struktury a simulace chemick\u00e9 stability molekul, v\u00fdvoj atomistick\u00fdch model\u016f HEAs s pomoc\u00ed aplikace metod neuronov\u00fdch s\u00edt\u00ed a strojov\u00e9ho u\u010den\u00ed.<\/li><li><b><u>Dlouhodob\u011b \u0159e\u0161en\u00e9 v\u00fdzkumn\u00e9 sm\u011bry<\/u><\/b><\/li><li>V\u00fdvoj lok\u00e1ln\u00edch a distribuovan\u00fdch plynov\u00fdch senzor\u016f na b\u00e1zi modifikovan\u00fdch optick\u00fdch vl\u00e1ken a plasmonick\u00fdch nanostruktur.<\/li><li><b><span style=\"text-decoration: underline;\">P\u0159ipravovan\u00e9 projekty<\/span><\/b><\/li><li>Rozvoj technologie metody IJD a jej\u00edch kombinac\u00ed s dal\u0161\u00edmi depozi\u010dn\u00edmi technikami.<\/li><li>V\u00fdzkum zam\u011b\u0159en\u00fd na syst\u00e9my ukl\u00e1d\u00e1n\u00ed energie a vod\u00edkovou energetiku.<\/li><\/ul>\t\t\t\t\t\t<\/div>\n\t\t\t\t<\/div>\n\t\t\t\t\t<\/div>\n\t\t<\/div>\n\t\t\t\t\t<\/div>\n\t\t<\/section>\n\t\t\t\t<\/div>\n\t\t","protected":false},"excerpt":{"rendered":"<p>Aplikovan\u00e1 fotonika a kvantov\u00e9 technologie Vedouc\u00ed laborato\u0159e: Ladislav KalvodaPracovn\u00edci: Jakub Sko\u010ddopole, Jan Aubrecht, Petr Levinsk\u00fd, Jaroslav Hamrle Doktorandi: Alena Kobrlov\u00e1, Jaroslava Jakoubkov\u00e1, Michal J\u016fza, Martin Kol\u00e1\u0159, Petr Slav\u00ed\u010dek, J\u00e1chym Lis Studenti: Jan Kou\u0159il Oblasti v\u00fdzkumu Experiment\u00e1ln\u00ed vybaven\u00ed Projekty Pracovi\u0161t\u011b a [&hellip;]<\/p>\n","protected":false},"author":2,"featured_media":4466,"parent":0,"menu_order":0,"comment_status":"closed","ping_status":"closed","template":"elementor_header_footer","meta":{"footnotes":""},"folder":[10],"class_list":["post-351","page","type-page","status-publish","has-post-thumbnail","hentry"],"_links":{"self":[{"href":"https:\/\/kiplweb.fjfi.cvut.cz\/web\/wp-json\/wp\/v2\/pages\/351","targetHints":{"allow":["GET"]}}],"collection":[{"href":"https:\/\/kiplweb.fjfi.cvut.cz\/web\/wp-json\/wp\/v2\/pages"}],"about":[{"href":"https:\/\/kiplweb.fjfi.cvut.cz\/web\/wp-json\/wp\/v2\/types\/page"}],"author":[{"embeddable":true,"href":"https:\/\/kiplweb.fjfi.cvut.cz\/web\/wp-json\/wp\/v2\/users\/2"}],"replies":[{"embeddable":true,"href":"https:\/\/kiplweb.fjfi.cvut.cz\/web\/wp-json\/wp\/v2\/comments?post=351"}],"version-history":[{"count":296,"href":"https:\/\/kiplweb.fjfi.cvut.cz\/web\/wp-json\/wp\/v2\/pages\/351\/revisions"}],"predecessor-version":[{"id":6876,"href":"https:\/\/kiplweb.fjfi.cvut.cz\/web\/wp-json\/wp\/v2\/pages\/351\/revisions\/6876"}],"wp:featuredmedia":[{"embeddable":true,"href":"https:\/\/kiplweb.fjfi.cvut.cz\/web\/wp-json\/wp\/v2\/media\/4466"}],"wp:attachment":[{"href":"https:\/\/kiplweb.fjfi.cvut.cz\/web\/wp-json\/wp\/v2\/media?parent=351"}],"wp:term":[{"taxonomy":"folder","embeddable":true,"href":"https:\/\/kiplweb.fjfi.cvut.cz\/web\/wp-json\/wp\/v2\/folder?post=351"}],"curies":[{"name":"wp","href":"https:\/\/api.w.org\/{rel}","templated":true}]}}