{"id":2619,"date":"2021-02-13T16:49:51","date_gmt":"2021-02-13T15:49:51","guid":{"rendered":"https:\/\/kiplweb.fjfi.cvut.cz\/wordpress\/?page_id=2619"},"modified":"2023-04-26T11:29:10","modified_gmt":"2023-04-26T09:29:10","slug":"sscsspm-7-uvod","status":"publish","type":"page","link":"https:\/\/kiplweb.fjfi.cvut.cz\/web\/sscsspm-7-uvod\/","title":{"rendered":"SSCSSPM-7 \u00davod"},"content":{"rendered":"\t\t<div data-elementor-type=\"wp-page\" data-elementor-id=\"2619\" class=\"elementor elementor-2619\">\n\t\t\t\t\t\t<section class=\"elementor-section elementor-top-section elementor-element elementor-element-d442a7c elementor-section-boxed elementor-section-height-default elementor-section-height-default\" data-id=\"d442a7c\" data-element_type=\"section\">\n\t\t\t\t\t\t<div class=\"elementor-container elementor-column-gap-default\">\n\t\t\t\t\t<div class=\"elementor-column elementor-col-50 elementor-top-column elementor-element elementor-element-df67519\" data-id=\"df67519\" data-element_type=\"column\">\n\t\t\t<div class=\"elementor-widget-wrap elementor-element-populated\">\n\t\t\t\t\t\t<div class=\"elementor-element elementor-element-4250db3 elementor-align-justify elementor-widget__width-inherit elementor-widget elementor-widget-button\" data-id=\"4250db3\" data-element_type=\"widget\" data-widget_type=\"button.default\">\n\t\t\t\t<div class=\"elementor-widget-container\">\n\t\t\t\t\t<div class=\"elementor-button-wrapper\">\n\t\t\t<a class=\"elementor-button elementor-button-link elementor-size-xs\" href=\"https:\/\/kiplweb.fjfi.cvut.cz\/wordpress\/sscssp\/\">\n\t\t\t\t\t\t<span class=\"elementor-button-content-wrapper\">\n\t\t\t\t\t\t\t\t\t<span class=\"elementor-button-text\">SSCSSP<\/span>\n\t\t\t\t\t<\/span>\n\t\t\t\t\t<\/a>\n\t\t<\/div>\n\t\t\t\t<\/div>\n\t\t\t\t<\/div>\n\t\t\t\t<div class=\"elementor-element elementor-element-843c8f4 elementor-widget elementor-widget-heading\" data-id=\"843c8f4\" data-element_type=\"widget\" data-widget_type=\"heading.default\">\n\t\t\t\t<div class=\"elementor-widget-container\">\n\t\t\t<h2 class=\"elementor-heading-title elementor-size-default\">7. Studentsk\u00e1 v\u011bdeck\u00e1 konference fyziky pevn\u00fdch l\u00e1tek a materi\u00e1l\u016f - SSCSSMP-7 (2017)<\/h2>\t\t<\/div>\n\t\t\t\t<\/div>\n\t\t\t\t<div class=\"elementor-element elementor-element-58b347b elementor-widget elementor-widget-image\" data-id=\"58b347b\" data-element_type=\"widget\" data-widget_type=\"image.default\">\n\t\t\t\t<div class=\"elementor-widget-container\">\n\t\t\t\t\t\t\t\t\t\t\t\t\t<img fetchpriority=\"high\" decoding=\"async\" width=\"762\" height=\"404\" src=\"https:\/\/kiplweb.fjfi.cvut.cz\/web\/wp-content\/uploads\/2021\/02\/1-4.jpg\" class=\"attachment-large size-large wp-image-2651\" alt=\"\" srcset=\"https:\/\/kiplweb.fjfi.cvut.cz\/web\/wp-content\/uploads\/2021\/02\/1-4.jpg 762w, https:\/\/kiplweb.fjfi.cvut.cz\/web\/wp-content\/uploads\/2021\/02\/1-4-300x159.jpg 300w, https:\/\/kiplweb.fjfi.cvut.cz\/web\/wp-content\/uploads\/2021\/02\/1-4-16x8.jpg 16w, https:\/\/kiplweb.fjfi.cvut.cz\/web\/wp-content\/uploads\/2021\/02\/1-4-230x122.jpg 230w, https:\/\/kiplweb.fjfi.cvut.cz\/web\/wp-content\/uploads\/2021\/02\/1-4-350x186.jpg 350w, https:\/\/kiplweb.fjfi.cvut.cz\/web\/wp-content\/uploads\/2021\/02\/1-4-480x254.jpg 480w\" sizes=\"(max-width: 762px) 100vw, 762px\" \/>\t\t\t\t\t\t\t\t\t\t\t\t\t<\/div>\n\t\t\t\t<\/div>\n\t\t\t\t\t<\/div>\n\t\t<\/div>\n\t\t\t\t<div class=\"elementor-column elementor-col-50 elementor-top-column elementor-element elementor-element-c7ce757\" data-id=\"c7ce757\" data-element_type=\"column\">\n\t\t\t<div class=\"elementor-widget-wrap elementor-element-populated\">\n\t\t\t\t\t\t<div class=\"elementor-element elementor-element-23e1888 elementor-widget elementor-widget-heading\" data-id=\"23e1888\" data-element_type=\"widget\" data-widget_type=\"heading.default\">\n\t\t\t\t<div class=\"elementor-widget-container\">\n\t\t\t<h6 class=\"elementor-heading-title elementor-size-default\"><br>SSCSSPM-7<\/h6>\t\t<\/div>\n\t\t\t\t<\/div>\n\t\t\t\t<div class=\"elementor-element elementor-element-9e03532 elementor-widget-divider--view-line elementor-widget elementor-widget-divider\" data-id=\"9e03532\" data-element_type=\"widget\" data-widget_type=\"divider.default\">\n\t\t\t\t<div class=\"elementor-widget-container\">\n\t\t\t\t\t<div class=\"elementor-divider\">\n\t\t\t<span class=\"elementor-divider-separator\">\n\t\t\t\t\t\t<\/span>\n\t\t<\/div>\n\t\t\t\t<\/div>\n\t\t\t\t<\/div>\n\t\t\t\t<div class=\"elementor-element elementor-element-fb572e5 elementor-widget elementor-widget-text-editor\" data-id=\"fb572e5\" data-element_type=\"widget\" data-widget_type=\"text-editor.default\">\n\t\t\t\t<div class=\"elementor-widget-container\">\n\t\t\t\t\t\t\t<ol><li><span style=\"color: #000000;\"><b>&#8211;&gt; \u00davod<\/b><\/span><\/li><li><span style=\"color: #336699;\"><a style=\"font-weight: bold; color: #336699;\" title=\"\" href=\"http:\/\/www.kbssped.cz\/\">M\u00edsto kon\u00e1n\u00ed &#8211; Zahr\u00e1dka v Sedli\u0161ti<\/a><\/span><\/li><li><span style=\"color: #336699;\"><a style=\"font-weight: bold; color: #336699;\" title=\"\" href=\"https:\/\/kipl-indico.fjfi.cvut.cz\/\">Registrace <\/a><span style=\"color: #000000;\"><strong>&#8211; uzav\u0159ena<\/strong><\/span><\/span><\/li><li><span style=\"color: #336699;\"><a style=\"font-weight: bold; color: #336699;\" title=\"\" href=\"https:\/\/kiplweb.fjfi.cvut.cz\/wordpress\/sscsspm-7-pokyny-pro-prednasejici\/\">Pokyny pro p\u0159edn\u00e1\u0161ej\u00ed<\/a><\/span><\/li><li><a href=\"https:\/\/docs.google.com\/spreadsheets\/d\/1S9f0NeBXzVjo7wK1zAxYPs_81nJCSpC3gERXEK1L8q4\/edit#gid=0\"><strong style=\"color: #336699;\">P\u0159edb\u011b\u017en\u00fd program<\/strong><\/a><\/li><li><strong style=\"color: #336699;\"><a style=\"color: #336699;\" href=\"https:\/\/kiplweb.fjfi.cvut.cz\/files\/SSCSSPM7-2017-sbornik.pdf\">Sborn\u00edk<\/a><\/strong><\/li><\/ol>\t\t\t\t\t\t<\/div>\n\t\t\t\t<\/div>\n\t\t\t\t\t<\/div>\n\t\t<\/div>\n\t\t\t\t\t<\/div>\n\t\t<\/section>\n\t\t\t\t<section class=\"elementor-section elementor-top-section elementor-element elementor-element-8bc324c elementor-section-boxed elementor-section-height-default elementor-section-height-default\" data-id=\"8bc324c\" data-element_type=\"section\">\n\t\t\t\t\t\t<div class=\"elementor-container elementor-column-gap-default\">\n\t\t\t\t\t<div class=\"elementor-column elementor-col-100 elementor-top-column elementor-element elementor-element-2f5ed09\" data-id=\"2f5ed09\" data-element_type=\"column\">\n\t\t\t<div class=\"elementor-widget-wrap elementor-element-populated\">\n\t\t\t\t\t\t<div class=\"elementor-element elementor-element-1c661c9 elementor-widget-divider--view-line elementor-widget elementor-widget-divider\" data-id=\"1c661c9\" data-element_type=\"widget\" data-widget_type=\"divider.default\">\n\t\t\t\t<div class=\"elementor-widget-container\">\n\t\t\t\t\t<div class=\"elementor-divider\">\n\t\t\t<span class=\"elementor-divider-separator\">\n\t\t\t\t\t\t<\/span>\n\t\t<\/div>\n\t\t\t\t<\/div>\n\t\t\t\t<\/div>\n\t\t\t\t<div class=\"elementor-element elementor-element-b4f8a68 elementor-widget elementor-widget-text-editor\" data-id=\"b4f8a68\" data-element_type=\"widget\" data-widget_type=\"text-editor.default\">\n\t\t\t\t<div class=\"elementor-widget-container\">\n\t\t\t\t\t\t\t<p>Ve dnech\u00a0<strong>18. a\u017e 22.9.2017<\/strong>\u00a0se pod z\u00e1\u0161titou Katedry in\u017een\u00fdrstv\u00ed pevn\u00fdch l\u00e1tek a Katedry materi\u00e1l\u016f FJFI za laskav\u00e9 grantov\u00e9 podpory ze strany SGS \u010cVUT v Praze uskute\u010dn\u00ed\u00a0<strong>7. Studentsk\u00e1 v\u011bdeck\u00e1 konference fyziky pevn\u00fdch l\u00e1tek a materi\u00e1l\u016f<\/strong>\u00a0(7th Student Scientific Conference on Solid State Physics and Materials, SSCSSPM-7). Pro v\u0161echny prezentuj\u00edc\u00ed studenty \u010cVUT, kte\u0159\u00ed publikuj\u00ed roz\u0161\u00ed\u0159en\u00fd abstrakt do sborn\u00edku konference, jsou ubytovac\u00ed v\u00fddaje zcela hrazeny z grantu SGS \u010cVUT.<\/p><p>Datum kon\u00e1n\u00ed: 18 \u2013 22. 9. 2017<br \/>M\u00edsto kon\u00e1n\u00ed: penzion Zahr\u00e1dka v Sedli\u0161ti (<a href=\"http:\/\/www.kbssped.cz\/\">http:\/\/www.kbssped.cz\/<\/a>)<\/p><p>P\u0159\u00edsp\u011bvky budou publikov\u00e1ny ve sborn\u00edku konference a v odborn\u00e9m recenzovan\u00e9m \u010dasopise Acta Polytechnica CTU Proceedings.<br \/>(V n\u011bkter\u00fdch sou\u010dasn\u00fdch SGS grantech je minim\u00e1ln\u011b jeden publikovan\u00fd \u010dl\u00e1nek nutnou podm\u00ednkou pro obdr\u017een\u00ed stipendia. Roz\u0161\u00ed\u0159en\u00fd abstrakt ve sborn\u00edku ze studentsk\u00e9 konference je vhodnou p\u0159\u00edle\u017eitost\u00ed tuto podm\u00ednku splnit.)<\/p><p>V p\u0159\u00edpad\u011b nejasnost\u00ed kontaktujte<strong>\u00a0<\/strong><a href=\"https:\/\/kiplweb.fjfi.cvut.cz\/wordpress\/sedlak-2\/\"><strong>Petra Sedl\u00e1ka<\/strong><\/a>.<\/p><p><strong>D\u016fle\u017eit\u00e1 data:<\/strong><\/p><ul><li>Registrace bude spu\u0161t\u011bna na konci kv\u011btna.<\/li><li><strong>Deadline pro p\u0159edb\u011b\u017enou registraci (registrace pro \u00fa\u010dast) je 7. 7. 2017.<\/strong><\/li><li><strong>Deadline pro plnou registraci (odesl\u00e1n\u00ed abstraktu p\u0159\u00edsp\u011bvku) je 18. 8. 2017.<\/strong><\/li><li>Deadline pro roz\u0161\u00ed\u0159en\u00e9 abstrakty do sborn\u00edku konference je 18. 9. 2017 (tedy do za\u010d\u00e1tku konference).<\/li><li>Pln\u00e9 \u010dl\u00e1nky v \u010dasopisu Acta Polytechnica CTU Proceedings: Auto\u0159i vybran\u00fdch p\u0159\u00edsp\u011bvk\u016f budou osloveni po konferenci.<\/li><\/ul><p><strong>Doprava:<\/strong>\u00a0Doprava nen\u00ed organiz\u00e1tory hrazena ani organizov\u00e1na. Spojen\u00ed hromadnou dopravou hledejte do &#8222;Sedli\u0161t\u011b; okres Plze\u0148-jih&#8220;. Je tak\u00e9 mo\u017en\u00e9 vyu\u017e\u00edt spoluj\u00edzdu s n\u011bkter\u00fdmi \u00fa\u010dastn\u00edky cestuj\u00edc\u00edmi autem. \u0158idi\u010di a z\u00e1jemci se mohou hl\u00e1sit\u00a0<a href=\"https:\/\/docs.google.com\/spreadsheets\/d\/1t88jfvg6jAHSPxEsAoWVB3voUR5Sei_BltL-yEivZIw\/edit#gid=0\" target=\"_blank\" rel=\"noopener\">zde<\/a>.<\/p><p>Organiza\u010dn\u00ed team:<br \/><a href=\"https:\/\/kiplweb.fjfi.cvut.cz\/wordpress\/kalvoda\/\">doc. Ing. Ladislav Kalvoda<\/a>, CSc., p\u0159edseda organiza\u010dn\u00edho v\u00fdboru<br \/><a href=\"https:\/\/kiplweb.fjfi.cvut.cz\/wordpress\/sedlak-2\/\">Ing. Petr Sedl\u00e1k, Ph.D.<\/a><br \/><a href=\"https:\/\/kiplweb.fjfi.cvut.cz\/wordpress\/drab\/\">Ing. Martin Dr\u00e1b, Ph.D.<\/a><br \/>Ing. Tom\u00e1\u0161 Koubsk\u00fd<\/p>\t\t\t\t\t\t<\/div>\n\t\t\t\t<\/div>\n\t\t\t\t<div class=\"elementor-element elementor-element-52d5f2e elementor-widget elementor-widget-image\" data-id=\"52d5f2e\" data-element_type=\"widget\" data-widget_type=\"image.default\">\n\t\t\t\t<div class=\"elementor-widget-container\">\n\t\t\t\t\t\t\t\t\t\t\t\t\t<img decoding=\"async\" width=\"564\" height=\"752\" src=\"https:\/\/kiplweb.fjfi.cvut.cz\/web\/wp-content\/uploads\/2021\/02\/plakat-1.jpg\" class=\"attachment-large size-large wp-image-2588\" alt=\"\" srcset=\"https:\/\/kiplweb.fjfi.cvut.cz\/web\/wp-content\/uploads\/2021\/02\/plakat-1.jpg 564w, https:\/\/kiplweb.fjfi.cvut.cz\/web\/wp-content\/uploads\/2021\/02\/plakat-1-225x300.jpg 225w, https:\/\/kiplweb.fjfi.cvut.cz\/web\/wp-content\/uploads\/2021\/02\/plakat-1-9x12.jpg 9w, https:\/\/kiplweb.fjfi.cvut.cz\/web\/wp-content\/uploads\/2021\/02\/plakat-1-230x307.jpg 230w, https:\/\/kiplweb.fjfi.cvut.cz\/web\/wp-content\/uploads\/2021\/02\/plakat-1-350x467.jpg 350w, https:\/\/kiplweb.fjfi.cvut.cz\/web\/wp-content\/uploads\/2021\/02\/plakat-1-480x640.jpg 480w\" sizes=\"(max-width: 564px) 100vw, 564px\" \/>\t\t\t\t\t\t\t\t\t\t\t\t\t<\/div>\n\t\t\t\t<\/div>\n\t\t\t\t\t<\/div>\n\t\t<\/div>\n\t\t\t\t\t<\/div>\n\t\t<\/section>\n\t\t\t\t<\/div>\n\t\t","protected":false},"excerpt":{"rendered":"<p>SSCSSP 7. Studentsk\u00e1 v\u011bdeck\u00e1 konference fyziky pevn\u00fdch l\u00e1tek a materi\u00e1l\u016f &#8211; SSCSSMP-7 (2017) SSCSSPM-7 &#8211;&gt; \u00davod M\u00edsto kon\u00e1n\u00ed &#8211; Zahr\u00e1dka v Sedli\u0161ti Registrace &#8211; uzav\u0159ena Pokyny pro p\u0159edn\u00e1\u0161ej\u00ed P\u0159edb\u011b\u017en\u00fd program Sborn\u00edk Ve dnech\u00a018. a\u017e 22.9.2017\u00a0se pod z\u00e1\u0161titou Katedry in\u017een\u00fdrstv\u00ed pevn\u00fdch [&hellip;]<\/p>\n","protected":false},"author":3,"featured_media":0,"parent":0,"menu_order":0,"comment_status":"closed","ping_status":"closed","template":"elementor_header_footer","meta":{"footnotes":""},"folder":[32],"class_list":["post-2619","page","type-page","status-publish","hentry"],"_links":{"self":[{"href":"https:\/\/kiplweb.fjfi.cvut.cz\/web\/wp-json\/wp\/v2\/pages\/2619","targetHints":{"allow":["GET"]}}],"collection":[{"href":"https:\/\/kiplweb.fjfi.cvut.cz\/web\/wp-json\/wp\/v2\/pages"}],"about":[{"href":"https:\/\/kiplweb.fjfi.cvut.cz\/web\/wp-json\/wp\/v2\/types\/page"}],"author":[{"embeddable":true,"href":"https:\/\/kiplweb.fjfi.cvut.cz\/web\/wp-json\/wp\/v2\/users\/3"}],"replies":[{"embeddable":true,"href":"https:\/\/kiplweb.fjfi.cvut.cz\/web\/wp-json\/wp\/v2\/comments?post=2619"}],"version-history":[{"count":14,"href":"https:\/\/kiplweb.fjfi.cvut.cz\/web\/wp-json\/wp\/v2\/pages\/2619\/revisions"}],"predecessor-version":[{"id":5747,"href":"https:\/\/kiplweb.fjfi.cvut.cz\/web\/wp-json\/wp\/v2\/pages\/2619\/revisions\/5747"}],"wp:attachment":[{"href":"https:\/\/kiplweb.fjfi.cvut.cz\/web\/wp-json\/wp\/v2\/media?parent=2619"}],"wp:term":[{"taxonomy":"folder","embeddable":true,"href":"https:\/\/kiplweb.fjfi.cvut.cz\/web\/wp-json\/wp\/v2\/folder?post=2619"}],"curies":[{"name":"wp","href":"https:\/\/api.w.org\/{rel}","templated":true}]}}