{"id":2108,"date":"2021-02-09T15:16:56","date_gmt":"2021-02-09T14:16:56","guid":{"rendered":"https:\/\/kiplweb.fjfi.cvut.cz\/wordpress\/?page_id=2108"},"modified":"2023-05-18T11:41:41","modified_gmt":"2023-05-18T09:41:41","slug":"rozcestnik","status":"publish","type":"page","link":"https:\/\/kiplweb.fjfi.cvut.cz\/web\/rozcestnik\/","title":{"rendered":"Rozcestn\u00edk pro studenty"},"content":{"rendered":"\t\t<div data-elementor-type=\"wp-page\" data-elementor-id=\"2108\" class=\"elementor elementor-2108\">\n\t\t\t\t\t\t<section class=\"elementor-section elementor-top-section elementor-element elementor-element-a56eba0 elementor-section-boxed elementor-section-height-default elementor-section-height-default\" data-id=\"a56eba0\" data-element_type=\"section\">\n\t\t\t\t\t\t<div class=\"elementor-container elementor-column-gap-default\">\n\t\t\t\t\t<div class=\"elementor-column elementor-col-100 elementor-top-column elementor-element elementor-element-720d218\" data-id=\"720d218\" data-element_type=\"column\">\n\t\t\t<div class=\"elementor-widget-wrap elementor-element-populated\">\n\t\t\t\t\t\t<div class=\"elementor-element elementor-element-aa1d696 elementor-hidden-desktop elementor-hidden-tablet elementor-hidden-mobile elementor-widget elementor-widget-text-editor\" data-id=\"aa1d696\" data-element_type=\"widget\" data-widget_type=\"text-editor.default\">\n\t\t\t\t<div class=\"elementor-widget-container\">\n\t\t\t\t\t\t\t<p><strong><span style=\"color: #993366;\">Odkazy v p\u0159\u00edprav\u011b<\/span><\/strong><\/p>\t\t\t\t\t\t<\/div>\n\t\t\t\t<\/div>\n\t\t\t\t<div class=\"elementor-element elementor-element-b4312dd elementor-widget elementor-widget-heading\" data-id=\"b4312dd\" data-element_type=\"widget\" data-widget_type=\"heading.default\">\n\t\t\t\t<div class=\"elementor-widget-container\">\n\t\t\t<h2 class=\"elementor-heading-title elementor-size-default\">Rozcestn\u00edk pro studenty<\/h2>\t\t<\/div>\n\t\t\t\t<\/div>\n\t\t\t\t\t<\/div>\n\t\t<\/div>\n\t\t\t\t\t<\/div>\n\t\t<\/section>\n\t\t\t\t<section class=\"elementor-section elementor-top-section elementor-element elementor-element-85e71fa elementor-section-boxed elementor-section-height-default elementor-section-height-default\" data-id=\"85e71fa\" data-element_type=\"section\">\n\t\t\t\t\t\t<div class=\"elementor-container elementor-column-gap-default\">\n\t\t\t\t\t<div class=\"elementor-column elementor-col-50 elementor-top-column elementor-element elementor-element-72b3113\" data-id=\"72b3113\" data-element_type=\"column\">\n\t\t\t<div class=\"elementor-widget-wrap elementor-element-populated\">\n\t\t\t\t\t\t<div class=\"elementor-element elementor-element-c48c9c4 elementor-widget elementor-widget-heading\" data-id=\"c48c9c4\" data-element_type=\"widget\" data-widget_type=\"heading.default\">\n\t\t\t\t<div class=\"elementor-widget-container\">\n\t\t\t<h3 class=\"elementor-heading-title elementor-size-default\">Bakal\u00e1\u0159sk\u00e9 studium<\/h3>\t\t<\/div>\n\t\t\t\t<\/div>\n\t\t\t\t<div class=\"elementor-element elementor-element-f9317ce elementor-widget-divider--view-line elementor-widget elementor-widget-divider\" data-id=\"f9317ce\" data-element_type=\"widget\" data-widget_type=\"divider.default\">\n\t\t\t\t<div class=\"elementor-widget-container\">\n\t\t\t\t\t<div class=\"elementor-divider\">\n\t\t\t<span class=\"elementor-divider-separator\">\n\t\t\t\t\t\t<\/span>\n\t\t<\/div>\n\t\t\t\t<\/div>\n\t\t\t\t<\/div>\n\t\t\t\t<div class=\"elementor-element elementor-element-acdeea5 elementor-widget elementor-widget-text-editor\" data-id=\"acdeea5\" data-element_type=\"widget\" data-widget_type=\"text-editor.default\">\n\t\t\t\t<div class=\"elementor-widget-container\">\n\t\t\t\t\t\t\t<p>-&gt; <a href=\"https:\/\/kiplweb.fjfi.cvut.cz\/wordpress\/zaverecne-prace\/\">Nab\u00eddka t\u00e9mat z\u00e1v\u011bre\u010dn\u00fdch prac\u00ed<\/a><br \/>-&gt; <a href=\"https:\/\/kiplweb.fjfi.cvut.cz\/web\/wp-content\/uploads\/2023\/05\/Sablona-BP-KIPL.zip\">\u0160ablona bakal\u00e1\u0159sk\u00e9 pr\u00e1ce<\/a><br \/>-&gt; <a href=\"https:\/\/www.cvut.cz\/sites\/default\/files\/content\/e254fb38-e72d-463b-8c9f-cb0435416f29\/cs\/20201112-graficky-manual-identity-cvut-v-praze.pdf\">Rozm\u011bry desek, doporu\u010den\u00e1 barva<\/a><br \/>-&gt; Obecn\u00e9 rady a tipy, jak ps\u00e1t z\u00e1v\u011bre\u010dn\u00e9 pr\u00e1ce \u010di \u010dl\u00e1nky<br \/>-&gt; <a href=\"https:\/\/kiplweb.fjfi.cvut.cz\/wordpress\/statni-zaverecne-zkousky\/\">Ot\u00e1zky ke st\u00e1tn\u00edm z\u00e1v\u011bre\u010dn\u00fdm zkou\u0161k\u00e1m bakal\u00e1\u0159sk\u00e9ho studia<\/a><\/p>\t\t\t\t\t\t<\/div>\n\t\t\t\t<\/div>\n\t\t\t\t\t<\/div>\n\t\t<\/div>\n\t\t\t\t<div class=\"elementor-column elementor-col-50 elementor-top-column elementor-element elementor-element-95379ac\" data-id=\"95379ac\" data-element_type=\"column\">\n\t\t\t<div class=\"elementor-widget-wrap elementor-element-populated\">\n\t\t\t\t\t\t<div class=\"elementor-element elementor-element-7ecfde3 elementor-widget elementor-widget-heading\" data-id=\"7ecfde3\" data-element_type=\"widget\" data-widget_type=\"heading.default\">\n\t\t\t\t<div class=\"elementor-widget-container\">\n\t\t\t<h3 class=\"elementor-heading-title elementor-size-default\">Magistersk\u00e9 studium<\/h3>\t\t<\/div>\n\t\t\t\t<\/div>\n\t\t\t\t<div class=\"elementor-element elementor-element-b003c6b elementor-widget-divider--view-line elementor-widget elementor-widget-divider\" data-id=\"b003c6b\" data-element_type=\"widget\" data-widget_type=\"divider.default\">\n\t\t\t\t<div class=\"elementor-widget-container\">\n\t\t\t\t\t<div class=\"elementor-divider\">\n\t\t\t<span class=\"elementor-divider-separator\">\n\t\t\t\t\t\t<\/span>\n\t\t<\/div>\n\t\t\t\t<\/div>\n\t\t\t\t<\/div>\n\t\t\t\t<div class=\"elementor-element elementor-element-de418b9 elementor-widget elementor-widget-text-editor\" data-id=\"de418b9\" data-element_type=\"widget\" data-widget_type=\"text-editor.default\">\n\t\t\t\t<div class=\"elementor-widget-container\">\n\t\t\t\t\t\t\t<p>-&gt; <a href=\"https:\/\/kiplweb.fjfi.cvut.cz\/wordpress\/zaverecne-prace\/\">Nab\u00eddka t\u00e9mat z\u00e1v\u011bre\u010dn\u00fdch prac\u00ed<\/a><br \/>-&gt; Jak ps\u00e1t v\u00fdzkumn\u00fd \u00fakol<br \/>-&gt; \u0160ablona magistersk\u00e9 pr\u00e1ce<br \/>-&gt; <a href=\"https:\/\/www.cvut.cz\/sites\/default\/files\/content\/e254fb38-e72d-463b-8c9f-cb0435416f29\/cs\/20201112-graficky-manual-identity-cvut-v-praze.pdf\">Rozm\u011bry desek, doporu\u010den\u00e1 barva<\/a><br \/>-&gt; Obecn\u00e9 rady a tipy, jak ps\u00e1t z\u00e1v\u011bre\u010dn\u00e9 pr\u00e1ce \u010di \u010dl\u00e1nky<br \/>-&gt; <a href=\"https:\/\/kiplweb.fjfi.cvut.cz\/wordpress\/statni-zaverecne-zkousky\/\">Ot\u00e1zky ke st\u00e1tn\u00edm z\u00e1v\u011bre\u010dn\u00fdm zkou\u0161k\u00e1m magistersk\u00e9ho studia<\/a><\/p>\t\t\t\t\t\t<\/div>\n\t\t\t\t<\/div>\n\t\t\t\t\t<\/div>\n\t\t<\/div>\n\t\t\t\t\t<\/div>\n\t\t<\/section>\n\t\t\t\t<section class=\"elementor-section elementor-top-section elementor-element elementor-element-a70a028 elementor-section-boxed elementor-section-height-default elementor-section-height-default\" data-id=\"a70a028\" data-element_type=\"section\">\n\t\t\t\t\t\t<div class=\"elementor-container elementor-column-gap-default\">\n\t\t\t\t\t<div class=\"elementor-column elementor-col-100 elementor-top-column elementor-element elementor-element-c5fb432\" data-id=\"c5fb432\" data-element_type=\"column\">\n\t\t\t<div class=\"elementor-widget-wrap elementor-element-populated\">\n\t\t\t\t\t\t<div class=\"elementor-element elementor-element-3ba0e6b elementor-widget elementor-widget-heading\" data-id=\"3ba0e6b\" data-element_type=\"widget\" data-widget_type=\"heading.default\">\n\t\t\t\t<div class=\"elementor-widget-container\">\n\t\t\t<h3 class=\"elementor-heading-title elementor-size-default\">Doktorsk\u00e9 studium<\/h3>\t\t<\/div>\n\t\t\t\t<\/div>\n\t\t\t\t<div class=\"elementor-element elementor-element-d6f6fe3 elementor-widget-divider--view-line elementor-widget elementor-widget-divider\" data-id=\"d6f6fe3\" data-element_type=\"widget\" data-widget_type=\"divider.default\">\n\t\t\t\t<div class=\"elementor-widget-container\">\n\t\t\t\t\t<div class=\"elementor-divider\">\n\t\t\t<span class=\"elementor-divider-separator\">\n\t\t\t\t\t\t<\/span>\n\t\t<\/div>\n\t\t\t\t<\/div>\n\t\t\t\t<\/div>\n\t\t\t\t<div class=\"elementor-element elementor-element-080ccbe elementor-widget elementor-widget-text-editor\" data-id=\"080ccbe\" data-element_type=\"widget\" data-widget_type=\"text-editor.default\">\n\t\t\t\t<div class=\"elementor-widget-container\">\n\t\t\t\t\t\t\t<p>-&gt; Nab\u00eddka t\u00e9mat z\u00e1v\u011bre\u010dn\u00fdch prac\u00ed<br \/>-&gt; Obecn\u00e9 rady a tipy, jak ps\u00e1t z\u00e1v\u011bre\u010dn\u00e9 pr\u00e1ce \u010di \u010dl\u00e1nky<br \/>-&gt; <a href=\"https:\/\/kiplweb.fjfi.cvut.cz\/wordpress\/statni-zaverecne-zkousky\/\">Ot\u00e1zky ke st\u00e1tn\u00edm z\u00e1v\u011bre\u010dn\u00fdm zkou\u0161k\u00e1m doktorsk\u00e9ho studia<\/a><\/p>\t\t\t\t\t\t<\/div>\n\t\t\t\t<\/div>\n\t\t\t\t\t<\/div>\n\t\t<\/div>\n\t\t\t\t\t<\/div>\n\t\t<\/section>\n\t\t\t\t<section class=\"elementor-section elementor-top-section elementor-element elementor-element-1641da4 elementor-section-boxed elementor-section-height-default elementor-section-height-default\" data-id=\"1641da4\" data-element_type=\"section\">\n\t\t\t\t\t\t<div class=\"elementor-container elementor-column-gap-default\">\n\t\t\t\t\t<div class=\"elementor-column elementor-col-100 elementor-top-column elementor-element elementor-element-d9beff3\" data-id=\"d9beff3\" data-element_type=\"column\">\n\t\t\t<div class=\"elementor-widget-wrap elementor-element-populated\">\n\t\t\t\t\t\t<div class=\"elementor-element elementor-element-b1af9af elementor-widget elementor-widget-heading\" data-id=\"b1af9af\" data-element_type=\"widget\" data-widget_type=\"heading.default\">\n\t\t\t\t<div class=\"elementor-widget-container\">\n\t\t\t<h3 class=\"elementor-heading-title elementor-size-default\">Doporu\u010den\u00e1 literatura k vybran\u00fdm oblastem fyziky pevn\u00fdch l\u00e1tek<\/h3>\t\t<\/div>\n\t\t\t\t<\/div>\n\t\t\t\t<div class=\"elementor-element elementor-element-de496c0 elementor-widget-divider--view-line elementor-widget elementor-widget-divider\" data-id=\"de496c0\" data-element_type=\"widget\" data-widget_type=\"divider.default\">\n\t\t\t\t<div class=\"elementor-widget-container\">\n\t\t\t\t\t<div class=\"elementor-divider\">\n\t\t\t<span class=\"elementor-divider-separator\">\n\t\t\t\t\t\t<\/span>\n\t\t<\/div>\n\t\t\t\t<\/div>\n\t\t\t\t<\/div>\n\t\t\t\t<div class=\"elementor-element elementor-element-d056ba7 elementor-widget elementor-widget-text-editor\" data-id=\"d056ba7\" data-element_type=\"widget\" data-widget_type=\"text-editor.default\">\n\t\t\t\t<div class=\"elementor-widget-container\">\n\t\t\t\t\t\t\t<p><strong>\u00darovn\u011b:<\/strong><br \/><strong><span style=\"color: #008080;\">A <\/span><\/strong>&#8211; ide\u00e1ln\u00ed pro prvn\u00ed sezn\u00e1men\u00ed s dan\u00fdm t\u00e9matem<br \/><span style=\"color: #3366ff;\"><strong>B<\/strong><\/span> &#8211; vhodn\u00e9 pro \u010dten\u00e1\u0159e, kte\u0159\u00ed o dan\u00e9m t\u00e9matu sly\u0161eli ji\u017e d\u0159\u00edve\u00a0<\/p>\t\t\t\t\t\t<\/div>\n\t\t\t\t<\/div>\n\t\t\t\t<section class=\"elementor-section elementor-inner-section elementor-element elementor-element-f38c427 elementor-section-boxed elementor-section-height-default elementor-section-height-default\" data-id=\"f38c427\" data-element_type=\"section\">\n\t\t\t\t\t\t<div class=\"elementor-container elementor-column-gap-default\">\n\t\t\t\t\t<div class=\"elementor-column elementor-col-50 elementor-inner-column elementor-element elementor-element-d908839\" data-id=\"d908839\" data-element_type=\"column\">\n\t\t\t<div class=\"elementor-widget-wrap elementor-element-populated\">\n\t\t\t\t\t\t<div class=\"elementor-element elementor-element-e3a7533 elementor-widget elementor-widget-heading\" data-id=\"e3a7533\" data-element_type=\"widget\" data-widget_type=\"heading.default\">\n\t\t\t\t<div class=\"elementor-widget-container\">\n\t\t\t<h4 class=\"elementor-heading-title elementor-size-default\">Z\u00e1kladn\u00ed teorie fyziky pevn\u00fdch l\u00e1tek<\/h4>\t\t<\/div>\n\t\t\t\t<\/div>\n\t\t\t\t<div class=\"elementor-element elementor-element-51e0767 elementor-widget elementor-widget-text-editor\" data-id=\"51e0767\" data-element_type=\"widget\" data-widget_type=\"text-editor.default\">\n\t\t\t\t<div class=\"elementor-widget-container\">\n\t\t\t\t\t\t\t<ul><li>Modern Condensed Matter Physics, 2019 (<span style=\"color: #0000ff;\"><strong>B<\/strong><\/span>)<\/li><li>Solid State Physics: Essential Concepts, 2020<\/li><li>Solid-State Physics: Introduction to the Theory, 2010<\/li><\/ul>\t\t\t\t\t\t<\/div>\n\t\t\t\t<\/div>\n\t\t\t\t\t<\/div>\n\t\t<\/div>\n\t\t\t\t<div class=\"elementor-column elementor-col-50 elementor-inner-column elementor-element elementor-element-b943992\" data-id=\"b943992\" data-element_type=\"column\">\n\t\t\t<div class=\"elementor-widget-wrap elementor-element-populated\">\n\t\t\t\t\t\t<div class=\"elementor-element elementor-element-c9cba4a elementor-widget elementor-widget-heading\" data-id=\"c9cba4a\" data-element_type=\"widget\" data-widget_type=\"heading.default\">\n\t\t\t\t<div class=\"elementor-widget-container\">\n\t\t\t<h4 class=\"elementor-heading-title elementor-size-default\">Rentgenov\u00e1 difrakce<\/h4>\t\t<\/div>\n\t\t\t\t<\/div>\n\t\t\t\t<div class=\"elementor-element elementor-element-ecc8b9a elementor-widget elementor-widget-text-editor\" data-id=\"ecc8b9a\" data-element_type=\"widget\" data-widget_type=\"text-editor.default\">\n\t\t\t\t<div class=\"elementor-widget-container\">\n\t\t\t\t\t\t\t<ul><li>\u00davod do strukturn\u00ed rentgenografie, 1985 (<span style=\"color: #008080;\"><strong>A<\/strong><\/span>)<\/li><li>Fundamentals of Powder Diffraction and Structural Characterization of Materials, 2009\u00a0(<span style=\"color: #0000ff;\"><strong>B<\/strong><\/span>)<\/li><\/ul>\t\t\t\t\t\t<\/div>\n\t\t\t\t<\/div>\n\t\t\t\t\t<\/div>\n\t\t<\/div>\n\t\t\t\t\t<\/div>\n\t\t<\/section>\n\t\t\t\t<section class=\"elementor-section elementor-inner-section elementor-element elementor-element-2ad67e5 elementor-section-boxed elementor-section-height-default elementor-section-height-default\" data-id=\"2ad67e5\" data-element_type=\"section\">\n\t\t\t\t\t\t<div class=\"elementor-container elementor-column-gap-default\">\n\t\t\t\t\t<div class=\"elementor-column elementor-col-50 elementor-inner-column elementor-element elementor-element-433a5c6\" data-id=\"433a5c6\" data-element_type=\"column\">\n\t\t\t<div class=\"elementor-widget-wrap elementor-element-populated\">\n\t\t\t\t\t\t<div class=\"elementor-element elementor-element-e1a3a1f elementor-widget elementor-widget-heading\" data-id=\"e1a3a1f\" data-element_type=\"widget\" data-widget_type=\"heading.default\">\n\t\t\t\t<div class=\"elementor-widget-container\">\n\t\t\t<h4 class=\"elementor-heading-title elementor-size-default\">Po\u010d\u00edta\u010dov\u00e9 simulace - teorie funkcion\u00e1lu hustoty (DFT), molekul\u00e1rn\u00ed dynamika<\/h4>\t\t<\/div>\n\t\t\t\t<\/div>\n\t\t\t\t<div class=\"elementor-element elementor-element-47c6b65 elementor-widget elementor-widget-text-editor\" data-id=\"47c6b65\" data-element_type=\"widget\" data-widget_type=\"text-editor.default\">\n\t\t\t\t<div class=\"elementor-widget-container\">\n\t\t\t\t\t\t\t<ul><li>Density Functional Theory: A Practical Introduction, 2009 (<span style=\"color: #008080;\"><strong>A<\/strong><\/span>)<\/li><li>A Chemist&#8217;s Guide to Density Functional Theory, 2001 (<strong><span style=\"color: #008080;\">A<\/span><\/strong>)<\/li><li>Density Functional Theory: An Advanced Course (<strong><span style=\"color: #0000ff;\">B<\/span><\/strong>)<\/li><li>Statistical mechanics theory and molecular simulation, 2009 (<strong><span style=\"color: #008080;\">A<\/span><\/strong>)<\/li><li>Atomistic Computer Simulations: A Practical Guide (<span style=\"color: #008080;\"><strong>A<\/strong><\/span>)<\/li><\/ul>\t\t\t\t\t\t<\/div>\n\t\t\t\t<\/div>\n\t\t\t\t\t<\/div>\n\t\t<\/div>\n\t\t\t\t<div class=\"elementor-column elementor-col-50 elementor-inner-column elementor-element elementor-element-11d0d0f\" data-id=\"11d0d0f\" data-element_type=\"column\">\n\t\t\t<div class=\"elementor-widget-wrap elementor-element-populated\">\n\t\t\t\t\t\t<div class=\"elementor-element elementor-element-703c571 elementor-widget elementor-widget-heading\" data-id=\"703c571\" data-element_type=\"widget\" data-widget_type=\"heading.default\">\n\t\t\t\t<div class=\"elementor-widget-container\">\n\t\t\t<h4 class=\"elementor-heading-title elementor-size-default\">Spektroskopick\u00e9 metody<\/h4>\t\t<\/div>\n\t\t\t\t<\/div>\n\t\t\t\t<div class=\"elementor-element elementor-element-4b08f26 elementor-widget elementor-widget-text-editor\" data-id=\"4b08f26\" data-element_type=\"widget\" data-widget_type=\"text-editor.default\">\n\t\t\t\t<div class=\"elementor-widget-container\">\n\t\t\t\t\t\t\t<p>V p\u0159\u00edprav\u011b<\/p>\t\t\t\t\t\t<\/div>\n\t\t\t\t<\/div>\n\t\t\t\t\t<\/div>\n\t\t<\/div>\n\t\t\t\t\t<\/div>\n\t\t<\/section>\n\t\t\t\t\t<\/div>\n\t\t<\/div>\n\t\t\t\t\t<\/div>\n\t\t<\/section>\n\t\t\t\t<\/div>\n\t\t","protected":false},"excerpt":{"rendered":"<p>Odkazy v p\u0159\u00edprav\u011b Rozcestn\u00edk pro studenty Bakal\u00e1\u0159sk\u00e9 studium -&gt; Nab\u00eddka t\u00e9mat z\u00e1v\u011bre\u010dn\u00fdch prac\u00ed-&gt; \u0160ablona bakal\u00e1\u0159sk\u00e9 pr\u00e1ce-&gt; Rozm\u011bry desek, doporu\u010den\u00e1 barva-&gt; Obecn\u00e9 rady a tipy, jak ps\u00e1t z\u00e1v\u011bre\u010dn\u00e9 pr\u00e1ce \u010di \u010dl\u00e1nky-&gt; Ot\u00e1zky ke st\u00e1tn\u00edm z\u00e1v\u011bre\u010dn\u00fdm zkou\u0161k\u00e1m bakal\u00e1\u0159sk\u00e9ho studia Magistersk\u00e9 studium -&gt; [&hellip;]<\/p>\n","protected":false},"author":3,"featured_media":0,"parent":0,"menu_order":0,"comment_status":"closed","ping_status":"closed","template":"elementor_header_footer","meta":{"footnotes":""},"folder":[19],"class_list":["post-2108","page","type-page","status-publish","hentry"],"_links":{"self":[{"href":"https:\/\/kiplweb.fjfi.cvut.cz\/web\/wp-json\/wp\/v2\/pages\/2108","targetHints":{"allow":["GET"]}}],"collection":[{"href":"https:\/\/kiplweb.fjfi.cvut.cz\/web\/wp-json\/wp\/v2\/pages"}],"about":[{"href":"https:\/\/kiplweb.fjfi.cvut.cz\/web\/wp-json\/wp\/v2\/types\/page"}],"author":[{"embeddable":true,"href":"https:\/\/kiplweb.fjfi.cvut.cz\/web\/wp-json\/wp\/v2\/users\/3"}],"replies":[{"embeddable":true,"href":"https:\/\/kiplweb.fjfi.cvut.cz\/web\/wp-json\/wp\/v2\/comments?post=2108"}],"version-history":[{"count":26,"href":"https:\/\/kiplweb.fjfi.cvut.cz\/web\/wp-json\/wp\/v2\/pages\/2108\/revisions"}],"predecessor-version":[{"id":5814,"href":"https:\/\/kiplweb.fjfi.cvut.cz\/web\/wp-json\/wp\/v2\/pages\/2108\/revisions\/5814"}],"wp:attachment":[{"href":"https:\/\/kiplweb.fjfi.cvut.cz\/web\/wp-json\/wp\/v2\/media?parent=2108"}],"wp:term":[{"taxonomy":"folder","embeddable":true,"href":"https:\/\/kiplweb.fjfi.cvut.cz\/web\/wp-json\/wp\/v2\/folder?post=2108"}],"curies":[{"name":"wp","href":"https:\/\/api.w.org\/{rel}","templated":true}]}}